{"id":24,"date":"2012-04-18T16:05:38","date_gmt":"2012-04-18T15:05:38","guid":{"rendered":"http:\/\/markosepl.com\/blog\/?page_id=24"},"modified":"2014-02-17T16:27:30","modified_gmt":"2014-02-17T15:27:30","slug":"profesionalni-zivotopis","status":"publish","type":"page","link":"https:\/\/markosepl.com\/blog\/profesionalni-zivotopis\/","title":{"rendered":"Profesionalni \u017eivotopis"},"content":{"rendered":"<p><strong>Exhibitions<\/strong><br \/>\n10.2013\u00a0\u00a0\u00a0\u00a0samostalna izlozba &#8220;Figura&#8221;, Galerija Zlatko Prica, Samobor, Hrvatska<br \/>\n07.2012\u00a0\u00a0\u00a0 samostalna izlozba \u201dVrata u Sunce\u201d, Galerija Sv.Jerolim, Stari Grad, otok Hvar<br \/>\n06.2012\u00a0\u00a0\u00a0 Trijenale Hrvatskog Kiparstva, Zagreb<br \/>\n03.2012\u00a0\u00a0\u00a0 grupna izlo\u017eba \u201cLand Art\u201d, Galerija Jogurt, Zagreb<br \/>\n01.2012\u00a0\u00a0\u00a0 samostalna izlo\u017eba\u00a0 \u201cLandscapes\u201d, No\u0107 Muzeja, Galerija Juraj Plan\u010di\u0107, Muzej Staroga \u00a0\u00a0\u00a0 \u00a0\u00a0\u00a0 \u00a0\u00a0\u00a0 \u00a0\u00a0\u00a0 \u00a0\u00a0\u00a0 \u00a0Grada, Stari Grad, otok Hvar<br \/>\n07.2011\u00a0\u00a0\u00a0 samostalna izlo\u017eba\u00a0 \u201cFigura\u201d, Galerija Juraj Plan\u010di\u0107, Muzej Staroga Grada, Stari Grad, \u00a0\u00a0\u00a0 \u00a0\u00a0\u00a0 \u00a0\u00a0\u00a0\u00a0\u00a0\u00a0  \u00a0\u00a0\u00a0 \u00a0\u00a0\u00a0otok Hvar<br \/>\n02.2011\u00a0\u00a0\u00a0 grupna izlo\u017eba \u201cCorridoiUltravasariani\u201d, Ex. Psihijatarska Bolnica San Salvi, Firenze<br \/>\n01.2011\u00a0\u00a0\u00a0 grupna\u00a0 izlo\u017eba \u201cArt of This Centvry\u201d, Palaggio di Parte Guelfa, Firenze<br \/>\n05.2010\u00a0\u00a0\u00a0 grupna izlo\u017eba \u201cStart Point\u201d, Museo D&#8217;Arte Contemporanea Luiggi Pecci, Prato,Firenze<br \/>\n05.2010\u00a0\u00a0\u00a0\u00a0performans \u201cArt Street Life\u201d, Helsinki, Finska<br \/>\n06.2009\u00a0\u00a0\u00a0\u00a0gurpna izlo\u017eba \u201cFuturibili\u201d 100 godina Futurizma, Accademi di Belle Arti di Firenze<br \/>\n05.2009\u00a0\u00a0\u00a0 grupna izlo\u017eba \u201cStart Point\u201d, Museo D&#8217;Arte Contemporanea Luiggi Pecci, Prato;<br \/>\n\u00a0\u00a0\u00a0 \u00a0\u00a0\u00a0 \u00a0\u00a0\u00a0     \u00a0\u00a0\u00a0 \u00a0\u00a0Casa della Creativit\u00e0, Firenze<br \/>\n06.2008\u00a0\u00a0\u00a0\u00a0performans &#8220;Pescatore Sarcastico&#8221; na rijeci Arno za manifestaciju \u201cNotte Bianca\u201d, \u00a0\u00a0\u00a0 \u00a0\u00a0\u00a0 \u00a0\u00a0\u00a0 \u00a0\u00a0\u00a0 \u00a0\u00a0\u00a0 \u00a0\u00a0\u00a0 \u00a0\u00a0Firenze<br \/>\n05.2008\u00a0\u00a0\u00a0\u00a0grupna izlozba, europska manifestacija No\u0107 Muzeja, Ex. Turska Kupelj, Beograd<br \/>\n06.2007\u00a0\u00a0\u00a0\u00a0grupna izlo\u017eba \u201cGarden Art\u201d, Giardino dei Nidiaci, Firenze<br \/>\n03.2007\u00a0\u00a0\u00a0\u00a0grupna izlo\u017eba \u201cFigura\u201d, galerija Renessans, Firenze<br \/>\n12 2006\u00a0\u00a0\u00a0\u00a0grupna izlo\u017eba \u201cSenza Confini\u201d, galerija Renessans, Firenze<br \/>\n05.2006\u00a0\u00a0\u00a0 grupna izlozba, recikla\u017ea u Ex. Turskoj Kupelji, Beograd<br \/>\n05.2006\u00a0\u00a0\u00a0\u00a0\u201cIgloo\u201d izlozba dokumentarne\u00a0 fotografije, galerija Akademije Lepih Umetnosti, Beograd<br \/>\n05.2006\u00a0\u00a0\u00a0 \u201cIgloo\u201d, projekt ostvaren u suradnji djece Roma, Gazela most, Beograd<br \/>\n\u00a0\u00a0\u00a02000\u00a0\u00a0\u00a0\u00a0grupna izlo\u017eba skulpture, Dvorac Mokrice, Bre\u017eice, Slovenija\u00a0\u00a0\u00a0<\/p>\n<p><strong>\u0160kolovanje<\/strong><br \/>\n   2014    \u00a0\u00a0\u00a0CILS-C2 Ispit (najvisi level stranog jezika), Talijanski Institut za Kulturu u Zagrebu<br \/>\n   2013    \u00a0\u00a0\u00a0SAGA Tour Menager Training, Kent, England<br \/>\n   2013    \u00a0\u00a0\u00a0Turisticki vodic za Istarsku zupaniju,Sveuciliste Jurja Dobrile u Puli Odjel za ekonomiju i<br \/>\n       \u00a0\u00a0\u00a0\u00a0\u00a0\u00a0\u00a0\u00a0\u00a0\u00a0\u00a0\u00a0turizam Dr. Mijo Mirkovic, Pula<br \/>\n   2012    \u00a0\u00a0\u00a0Turisticki vodic Grad Zagreb i Zagrebacka Zupanija, Veleuciliste Vern, Zagreb<br \/>\n   2011\u00a0\u00a0\u00a0\u00a0Magisterij Accadema di Belle Arti di Firenze,\u00a0 Vizualne umjetnosti i Multimedijalni jezici<br \/>\n   2006\u00a0\u00a0\u00a0\u00a0Diploma Accademia di Belle Art di Firenze, Kiparstvo<br \/>\n   2000\u00a0\u00a0\u00a0\u00a0\u0160kola za Dizajn i Slikarstvo\u00a0 \u201cAgora\u201d, Zagreb<br \/>\n   2000\u00a0\u00a0\u00a0\u00a0\u0160kola za Dizajn i Modu \u201cIstitutiCallegari\u201d, klasifikacija Dizajner Interijera, Zagreb\u00a0\u00a0<\/p>\n<p><strong>Aktivnost<\/strong><br \/>\n   2013    \u00a0\u00a0\u00a0\u00a0\u00a0\u00a0SAGAHolidays Tour Menager\/Cruise Menager<br \/>\n   2010\/12\u00a0Glumac u amaterskom kazali\u0161tu \u201cPicollo \u201c, Stari Grad, otok Hvar<br \/>\n   2010\/\u00a0\u00a0\u00a0\u00a0\u00a0\u00a0Art Director, gallery-club &#8220;il teatrino&#8221;, Stari Grad, otok Hvar, Croatia<br \/>\n   2009\u00a0\u00a0\u00a0\u00a0\u00a0\u00a0\u00a0Zavr\u0161ava kao zadovoljavaju\u0107i natje\u010daj za tehn\u010diku pomo\u010d \/uz preporuke\/ u laboratoriju \u00a0\u00a0\u00a0 \u00a0\u00a0\u00a0 \u00a0\u00a0   \u00a0\u00a0\u00a0\u00a0skulpture, Accademia di Belle Arti di Firenze<br \/>\n   2007\u00a0\u00a0\u00a0\u00a0\u00a0\u00a0\u00a0\u00a0Profesor kiparstva \u201cAccademia d&#8217; Arte\u201d, Via Ghibellina, Firenze<br \/>\n   2007\u00a0   \u00a0\u00a0\u00a0\u00a0\u00a0\u00a0Osvaja stipendiju Ministarstva vanjskih poslova Republike Hrvatske namjenjenu \u00a0\u00a0\u00a0 \u00a0\u00a0\u00a0 \u00a0\u00a0     \u00a0\u00a0\u00a0 \u00a0\u00a0\u00a0 \u00a0\u00a0\u00a0 \u00a0\u00a0\u00a0       programima\u00a0specijalizacije i master programima<\/p>\n<p><strong>Projekti, Workshop izlo\u017ebe<\/strong><br \/>\n   2011\u00a0\u00a0\u00a0\u00a0workshop \u201cEX3 Centro Per Arte Contemporanea\u201d, Firenze<br \/>\n   2009\u00a0\u00a0\u00a0\u00a0workshop sa umjetnikom Loris Cecchini, \u201cMuseo D&#8217;Arte Contemporanea Luiggi Pecci\u201d, \u00a0\u00a0\u00a0 \u00a0\u00a0\u00a0 \u00a0\u00a0\u00a0 \u00a0                                                                                 \u00a0\u00a0\u00a0\u00a0\u00a0\u00a0Firenze<br \/>\n   2008\u00a0\u00a0\u00a0\u00a0\u201cOutside Project\u201d, Beograd<br \/>\n   2006\u00a0\u00a0\u00a0 \u201cOutside Project\u201d, Beograd<\/p>\n<p> <strong>Kazaliste<strong><br \/>\n  06.2012\u00a0\u00a0\u00a0\u00a0HKUD-a \u201eVladimir Nazor&#8221;, Sombor<br \/>\n  02.2012\u00a0\u00a0\u00a0\u00a0FESTIVAL HRVATSKOG PUCKOG TEATRA, Hercegovac<br \/>\n  11.2011\u00a0\u00a0\u00a0\u00a0MALA DVORANA VATROSLAV LISINSKI, Zagreb<br \/>\n  08.2011\u00a0\u00a0\u00a0\u00a0GRADSKO KAZALISTE STARI GRAD, Stari Grad<\/p>\n<p><strong>Strani jezici \/jezici vodjenja\/<\/strong><br \/>\n            Talijanski jezik<br \/>\n            Engleski jezik<\/p>\n","protected":false},"excerpt":{"rendered":"<p>Exhibitions 10.2013\u00a0\u00a0\u00a0\u00a0samostalna izlozba &#8220;Figura&#8221;, Galerija Zlatko Prica, Samobor, Hrvatska 07.2012\u00a0\u00a0\u00a0 samostalna izlozba \u201dVrata u Sunce\u201d, Galerija Sv.Jerolim, Stari Grad, otok Hvar 06.2012\u00a0\u00a0\u00a0 Trijenale Hrvatskog Kiparstva, Zagreb 03.2012\u00a0\u00a0\u00a0 grupna izlo\u017eba \u201cLand &hellip;<\/p>\n","protected":false},"author":1,"featured_media":0,"parent":0,"menu_order":0,"comment_status":"closed","ping_status":"closed","template":"","meta":{"footnotes":""},"_links":{"self":[{"href":"https:\/\/markosepl.com\/blog\/wp-json\/wp\/v2\/pages\/24"}],"collection":[{"href":"https:\/\/markosepl.com\/blog\/wp-json\/wp\/v2\/pages"}],"about":[{"href":"https:\/\/markosepl.com\/blog\/wp-json\/wp\/v2\/types\/page"}],"author":[{"embeddable":true,"href":"https:\/\/markosepl.com\/blog\/wp-json\/wp\/v2\/users\/1"}],"replies":[{"embeddable":true,"href":"https:\/\/markosepl.com\/blog\/wp-json\/wp\/v2\/comments?post=24"}],"version-history":[{"count":160,"href":"https:\/\/markosepl.com\/blog\/wp-json\/wp\/v2\/pages\/24\/revisions"}],"predecessor-version":[{"id":1793,"href":"https:\/\/markosepl.com\/blog\/wp-json\/wp\/v2\/pages\/24\/revisions\/1793"}],"wp:attachment":[{"href":"https:\/\/markosepl.com\/blog\/wp-json\/wp\/v2\/media?parent=24"}],"curies":[{"name":"wp","href":"https:\/\/api.w.org\/{rel}","templated":true}]}}